Let q be (x - (8 + -4))*-15. Suppose 0 = 3*f - 2*b - q, 5*f - 50 = -11*b + 6*b. List the prime factors of f.
13
Suppose 7*b + 1999 = -87. Let l = -208 - b. What are the prime factors of l?
2, 3, 5
Let c(q) = 11*q**3 + q**2 - q - 1. Let a be c(-1). Let d = a - -12. List the prime factors of d.
2
Let j(p) = -8*p**2 + 6*p - 26. Let r(d) = -9*d**2 + 7*d - 27. Let l(v) = -7*j(v) + 6*r(v). List the prime factors of l(11).
2, 131
List the prime factors of 6/14 + 4590/70 + 8.
2, 37
Let w(b) = -2*b**3 + 116*b**2 - 187*b - 10. List the prime factors of w(56).
2, 1031
Let h(m) = m**3 + 8*m**2 - m - 7. Let w be (0 + -3)/(-3) - (1 - -7). List the prime factors of h(w).
7
Let o be (2 - -2 - 0)*3/2. What are the prime factors of (-2)/(((-6)/(-9))/((-218)/o))?
109
Let x = -6 + 3. Let c be (4/(-8))/(x/30). List the prime factors of (-564)/(-15) + 2/c.
2, 19
Let v = 12 - 9. Suppose x + 128 = 5*p, 2*x = 5*p - v*x - 120. Let n = 52 - p. What are the prime factors of n?
2, 13
Let d(s) = 201*s**3 + s**2. Let i be d(1). List the prime factors of 1/7 + i/7.
29
Let d(v) = -343*v - 1. Let q be d(-1). Suppose 5*r = q + 363. What are the prime factors of r?
3, 47
Let s(l) = -53*l**2 + 2 - 1 + 55*l**2 + 4*l. What are the prime factors of s(-6)?
7
Let u(x) = -2*x + 4. Let i be u(0). Let n be (-1)/(((-2)/2)/i). Suppose -188 = -8*f + n*f. What are the prime factors of f?
47
Let a = 3209 - 919. What are the prime factors of a?
2, 5, 229
Let v = 132 + 44. Suppose v = 8*n - 320. List the prime factors of n.
2, 31
Let x(w) = -22*w**3 + 9*w**2 + 39*w + 10. What are the prime factors of x(-5)?
2, 3, 5, 31
Let q(w) = -2*w**3 - 15*w**2 + 9*w + 4. Let j be q(-8). Let o(u) = 0*u + 0*u + 4 - 4*u**2 - u**3. What are the prime factors of o(j)?
2
Let s = -523 - -1054. List the prime factors of s.
3, 59
Let q(h) = 6*h**2 - 9*h - 7. List the prime factors of q(-7).
2, 5, 7
Let o(u) = -6*u**3 + 16*u**2 + 70*u - 1. What are the prime factors of o(-5)?
17, 47
Let a(i) = 236*i - 91. List the prime factors of a(7).
7, 223
Suppose 2*t - 1 = -5. Let x be t + 5 + 0 - 3. Suppose -4*n + 146 = -2*y + y, -3*n + y + 109 = x. What are the prime factors of n?
37
Suppose -22*r + 26*r + 5*u - 2360 = 0, 0 = 3*u. List the prime factors of r.
2, 5, 59
List the prime factors of (0 + 4 + -3)/((-3)/(-186)).
2, 31
Let s(c) = c**3 + 16*c**2 - 35*c + 18. Let u be s(-18). Suppose u = 11*t - 374 - 176. List the prime factors of t.
2, 5
Suppose -4*g + 2*g = -230. Let r = g + -90. What are the prime factors of r?
5
Let i(t) = -t**3 + 5*t**2 + 6*t + 4. Let y be i(5). Let r be 13 + -10 - 1*y. Let o = r - -54. List the prime factors of o.
23
Let v be 22 - ((-2 - 1) + 1). Let l = v - -4. List the prime factors of l.
2, 7
Let j = 670 - -2284. What are the prime factors of j?
2, 7, 211
Let t be 2/3 + 2*(-28)/(-24). Let g = -5 + 21. Let r = g - t. List the prime factors of r.
13
Let a(x) = -2*x**3 - 3*x**2 + 59*x - 12. List the prime factors of a(-7).
2, 3, 19
Let i(q) = 3*q**2 - 4*q - 5. Suppose -2*d + 5*h = -3*d + 11, 24 = -3*d + 4*h. What are the prime factors of i(d)?
59
Let t(f) be the first derivative of -17*f**2/2 - f + 6. Let d(m) = m**3 - 6*m**2 - m + 4. Let i be d(6). List the prime factors of t(i).
3, 11
Suppose s + 26 = 3*s. Let t be (-1203)/(-39) + 2/s. Suppose 3*j - 29 = t. List the prime factors of j.
2, 5
Let x = -3293 + 6619. List the prime factors of x.
2, 1663
Let c = -45 - 71. Let l = -70 - c. Suppose -i = -l + 9. What are the prime factors of i?
37
Let p(v) = 96*v**2 + 21*v + 80. List the prime factors of p(-6).
2, 5, 11, 31
Let g(c) = c**2 - 9*c + 12. Let q be g(8). Let a = 12 + 1. Let x = a + q. What are the prime factors of x?
17
Suppose -3*w + 192 - 69 = 0. Suppose -8*t - 8*t = -1328. Let c = t - w. List the prime factors of c.
2, 3, 7
Suppose 0 = -22*y + 28*y + 30. Suppose 8 = 2*f, -3*q - 11 = -8*q + f. List the prime factors of y/((-3)/q)*1.
5
Suppose 54 = -19*j + 8946. What are the prime factors of j?
2, 3, 13
Suppose -k = 3*w + 75, -3*w + 5*k - k = 90. Let r = w + 16. What are the prime factors of (0 - r) + (-3)/3?
3
Let o be 2/((-5)/(-3 - -8)). What are the prime factors of (-146)/o + (-13 - -13)?
73
Let q be -5*(2 - (-14)/(-5)). Suppose -d + q*h = 3, -4*d + 9*d - 2*h = 21. Suppose d*a - 16 - 19 = 0. List the prime factors of a.
7
Let q = 918 + -638. List the prime factors of q.
2, 5, 7
Suppose -f - 791 = -2*g, -2*g + 4*g + 2*f = 806. List the prime factors of g.
2, 199
Suppose -58*p + 56*p + 158 = 0. Let z = 149 - p. List the prime factors of z.
2, 5, 7
Suppose -1810 = -8*t + 286. What are the prime factors of t?
2, 131
Suppose -3*q = 3, 2*q = 2*i + q - 5. Suppose -4*z = z - 15, -2*f - i*z + 202 = 0. What are the prime factors of f?
2, 7
Let t(n) = 34*n**2 - 4*n. Suppose f - 2*c + 2 = 0, -f = -3*f + 2*c - 4. List the prime factors of t(f).
2, 3
Let k be ((-5)/((-15)/12))/2. Suppose -k = -4*x + 6. Suppose 3*o + x*v - 112 = 0, 3*v - 42 = -2*o + o. What are the prime factors of o?
2, 3
Suppose -8*c + 3*c = 0, -4*m = 2*c - 732. List the prime factors of m.
3, 61
Suppose 2*b = 5*g - 7, g = 3*b - g - 17. Suppose b*h + 173 - 515 = 0. What are the prime factors of h?
2, 19
Suppose -11*m + 33*m - 11660 = 0. What are the prime factors of m?
2, 5, 53
Let p(f) = 2*f**3 - f**2 - 3*f - 2. Let y be p(-2). Let n(j) = -12*j. Let q be n(-3). Let t = y + q. What are the prime factors of t?
2, 5
Suppose 0*h + 5*m - 347 = 3*h, 20 = -4*m. Let g = h - -239. List the prime factors of g.
5, 23
Suppose -2*o - 4694 = -4*t, 63 = -o + 60. List the prime factors of t.
2, 293
Suppose m = 193 + 423. Suppose 3*f + m = 17*f. List the prime factors of f.
2, 11
Let f = -24 - -14. Let l(b) = -4*b - 1. Let n(j) = -9*j - 1. Let r(o) = 7*l(o) - 3*n(o). List the prime factors of r(f).
2, 3
Let x(b) = -b**3 + 30*b**2 - 19*b + 7. Let c be x(29). Suppose c = 4*q - 3*p, -2*q + 5*p + 87 = -q. What are the prime factors of q?
2, 3
Suppose -6300 = -3*v - x, 0 = 3*v - 3*x - 0*x - 6300. List the prime factors of v.
2, 3, 5, 7
Suppose 5*d = 3*m - 130, -4*m + d + 99 = -63. Suppose -4*g - g = -m. What are the prime factors of (-5 - g/(-4)) + 43?
2, 5
Suppose 4*l = -5*d + 5203, 4*l = -d - 514 + 1561. What are the prime factors of d?
1039
Let n(u) = -u + 4. Let k = 17 - 3. Suppose 5*h = -3*p + 4*p - 58, -k = h - p. List the prime factors of n(h).
3, 5
Suppose 6 = 3*l + 2*z, 0 = -z - 3*z. Suppose -l*k + 54 = -40. What are the prime factors of k?
47
Suppose -k + 3 = 3*k + 5*f, -k + f + 3 = 0. List the prime factors of k/(-25)*5 - 22/(-5).
2
Suppose -s + 28795 = 5*d + 7725, -4*s - 8406 = -2*d. What are the prime factors of d?
11, 383
Let w = 288 - 4. What are the prime factors of w?
2, 71
Let f = 2894 + -1186. What are the prime factors of f?
2, 7, 61
Let p(w) = 10*w + 22. Let t be p(-2). Suppose 8 = -8*f + 4*f, -t*f + 640 = 4*n. List the prime factors of n.
7, 23
Let x be (100/(-40))/(2/(-4)). Suppose -s = -3, x*v - s - 3*s = -332. Let b = v - -99. What are the prime factors of b?
5, 7
Let n be (-2)/((-12)/(-51))*-2. Suppose 4*g = 3*p - 7, 3*p = -4*g + n + 6. Suppose 5*x - 139 = 2*x - 2*s, -p*s + 78 = 2*x. List the prime factors of x.
7
Suppose 0 = -0*j - 18*j + 30564. What are the prime factors of j?
2, 3, 283
Let b(h) be the second derivative of 5*h**4/3 - 2*h**3/3 - 5*h. List the prime factors of b(2).
2, 3
Suppose 8*m + 19 = 3. List the prime factors of (742/4)/7*(8 - m).
5, 53
Let f = 268 - -211. Let k = f - 231. What are the prime factors of k?
2, 31
Let l be 4/(-14) + 79/7. Suppose 2*z = -4*w - 216, -z - 103 = 4*w + l. What are the prime factors of 2/10 - z/15?
7
Let a = -11 + 12. Let o be (-3 + a)/(-2 + 0). Suppose 80 = 4*c + 4*d, c - 3*d - 3 - o = 0. What are the prime factors of c?
2
Let c = 36 - 29. Suppose c*f - 8 = 6. Suppose -4*n = -f*x + 18, -x = 3*n + n - 39. What are the prime factors of x?
19
List the prime factors of (-48)/408 - (-80686)/34.
3, 7, 113
Let g(v) = v**2 + 2*v - 7. Let t be 4/8 + (-12)/(-8). Suppose t*k - 20 + 8 = 0. List the prime factors of g(k).
41
Suppose 0 = 6*j - 10945 - 4487. What are the prime factors of j?
2, 643
Let k be ((-40)/6)/(22/(-33)). Let j be (-14 + k)*2/(-4). Suppose 12 - 22 = -j*r. What are the prime factors of r?
5
Let k = 4 - 2. Suppose 5*v + q + 51 = 0, -k*v = -4*q + 21 - 5. What are the prim